 (-6)/(-14)?
2
Let c be 165/9 + ((-2)/6 - 0). Suppose -11832 = -35*b + c*b. What is the tens digit of b?
9
Let l(w) = w**2 - 3*w + 12. Let m be l(-6). Let t = 66 - m. Suppose 4*c - 2*c - 4*q = 184, -4*c + q + 361 = t. What is the units digit of c?
0
Let v be 169 - ((-8)/4 - -5). Let j = 204 - v. What is the tens digit of j?
3
Suppose 578*x + 8500 = 582*x. What is the hundreds digit of x?
1
Suppose 0 = 5*q + 15, 7*x - 3*x - 3*q = 105. Suppose 0 = -j + 4*j. What is the tens digit of (-437)/(-6) + 4/x + j?
7
Let o = -147 - 26. Let t be o/(-3) - 21/(-63). Suppose 5*a - 3*a - t = -4*c, -2*a = -3*c - 30. What is the units digit of a?
1
Let k = -30007 - -90502. What is the thousands digit of k?
0
What is the thousands digit of -2 - (11/44 - (-17789)/(-4))?
4
Suppose 1 - 3 = -w, -166132 = -9*b + 4*w. What is the units digit of b?
0
Suppose 91 = -2*q + 9*q. Suppose -q*j = -12*j + 235. Let f = j - -442. What is the hundreds digit of f?
2
Let y be (-9)/(81/12)*-1941. Let j be 12/20 - y/(-20). Let f = -74 + j. What is the units digit of f?
6
Suppose -78*s + 985723 + 2438843 + 409134 = 0. What is the thousands digit of s?
9
Suppose -v - v + 24188 = 6*p, -4*v - 2*p = -48316. What is the thousands digit of v?
2
Suppose -2 = -7*j - 9. Let m be ((-452)/4)/(j/5). Suppose -4*y + 547 = 5*a - 2*a, 3*a + m = 4*y. What is the tens digit of y?
3
Let v(s) = 1383*s + 1424. What is the hundreds digit of v(10)?
2
Suppose -x = 4*r - 41956, -131*r - 167769 = -4*x - 136*r. What is the thousands digit of x?
1
Let z(g) = -126*g - 96. What is the tens digit of z(-3)?
8
Suppose -m + 38*j - 40*j = -1913, -3826 = -2*m + j. Suppose -10*z + 3717 = -m. What is the tens digit of z?
6
Suppose -3*i - 220 = -4*t, 5*i + t = 5*t - 364. Let y = i + 1374. What is the tens digit of y?
0
Let z = 118339 - 73788. What is the tens digit of z?
5
Suppose 1810 = -5*y - 0*f - f, 2*y = 5*f - 697. Let s = y - -1052. What is the tens digit of s?
9
Let t be -13*((-5 - -1) + 3/(-3)). Suppose 2*n + g + 15 = -t, 0 = 3*g - 12. What is the units digit of 298/4*n/(-21)?
9
What is the hundreds digit of (-421)/(-1684) + (-41241)/(-6)*(-26)/(-4)?
6
Let a(l) = -3 + 0 + 4165*l - 4166*l + 52*l**2 + 2. Let c = -3 - -2. What is the tens digit of a(c)?
5
Let f be 7/14 + 116/8. Suppose 3 = 6*n + f. Let p = 152 + n. What is the tens digit of p?
5
Let k(f) = f**3 + 10*f**2 + 2*f - 2. Suppose -5*x - 16 = -4*x - 2*c, -2*c = x. Let t be k(x). What is the hundreds digit of (0 + 2)*(t + 0 + 6)?
2
Suppose -5*o = -4*t - 4242, -o = -5*t - 3*o - 5319. Let m = t + 1861. What is the units digit of m?
8
Let t = 157 + -145. Suppose -16*k - t = -20*k. Suppose -k*f - 234 = g - 5*g, 2*g - 4*f - 122 = 0. What is the tens digit of g?
5
Suppose -92*t = -93*t + 3. Let j be 4/2 + (2 - 0). Suppose 3*o + 3*m = 51, -t*o + j*m + 77 = -2. What is the tens digit of o?
2
Suppose 0 = q + 1 + 2, 3*q = 2*l - 18399. What is the tens digit of l?
9
Let j(c) = 2*c + 1834 - 915 - 907 - 18*c. Let n(r) = r**3 + 7*r**2 + 2*r + 8. Let v be n(-7). What is the tens digit of j(v)?
0
Suppose 0 = -20*s + 6*s + 129738 + 88522. What is the units digit of s?
0
Let p(r) = 17*r**2 + 3*r - 10. Let j be p(2). Let f be 14/(-21) + (-2 - j/(-6)). Suppose f*h - 256 = 3*h - 4*i, -2*h + 3*i = -107. What is the units digit of h?
2
Let r = -49 + 52. Suppose -a - 8 = -r, -2*a + 20 = 3*j. What is the units digit of 48/(-5 + 54/j)?
0
Let x(m) = 23*m**3 - 21*m**2 + 23*m + 281. What is the tens digit of x(13)?
6
Let c(q) = q**3 - 6*q**2 - 15*q. Let i be c(8). Suppose 493 = i*n - 1347. What is the tens digit of n?
3
Let z = 58 + -53. Suppose 7*l - 4*h = z*l + 64, 0 = 2*l + 4*h - 48. What is the tens digit of l?
2
Suppose -3*n + 2*d - 32 = -2*n, 4*n - 2*d + 116 = 0. What is the hundreds digit of (20/28 - 8/n) + 205?
2
Let q(m) = 2*m + 97. Let p be q(-46). Suppose -p*b + a - 6*a + 1960 = 0, -4*a = b - 389. What is the tens digit of b?
9
Let v(l) = -2*l**2 - 5*l - 4. Let n be v(-3). Let j(m) = 4*m**2 + 14*m + 27. What is the tens digit of j(n)?
2
Let i = 196 + -200. What is the tens digit of (i - -6 - (-6)/(-15))*25?
4
Let z(h) = -h**3 + 4*h**2 + 2*h + 2. Let i be z(5). Let c = i + 27. Let n(p) = -p**2 + 20*p + 20. What is the tens digit of n(c)?
0
Suppose -4*l + 6*b - b + 37 = 0, -4*l = -4*b - 32. Let v(q) = 8 - 3 - 3*q - l + 19. What is the tens digit of v(-20)?
8
What is the tens digit of ((-26)/(-16)*-2)/(215/(-49020))?
4
Suppose 4*w - 17*v - 50122 = -14*v, 0 = 3*w + 4*v - 37579. What is the ten thousands digit of w?
1
Suppose -9 = -4*x + 4*z - 3*z, 0 = -2*x - 4*z. Suppose -x*g = v - 51 - 301, g - 3*v = 169. Let c = -74 + g. What is the tens digit of c?
0
Let q = 275 + -253. Suppose -x + q = -94. What is the units digit of x?
6
Suppose -225540 - 263850 = 1183*l - 1205*l. What is the units digit of l?
5
Let s = 45 - 37. Let j = s - 32. What is the units digit of (-2850)/j - 2/(-8)?
9
Let p(b) = b**3 - b**2 + 5*b - 42. Let i be p(5). Suppose -i = 2*t - 511. What is the hundreds digit of t?
2
Suppose 4*l = -17 + 113. Let a be (-58)/(-5) + (l/(-10))/(-6). Suppose -a = 3*u, 334 = 2*d - u - 2. What is the tens digit of d?
6
Suppose l - 1996 - 8208 = -5*p, 3*p = 5*l + 6100. Let r = p - 949. What is the hundreds digit of r?
0
Let s = -5 - -12. Let a(b) = 9*b**2 - 5*b + 16. What is the tens digit of a(s)?
2
Let u be (60 - -1)/(26/(-234)). Let m = 968 + u. What is the units digit of m?
9
Let i be 5/2*192/120. Suppose 2*h = -w + 3, 0 = 5*h + 5*w - 13 - 7. What is the units digit of (-4 + (i - h))*25?
5
Let c = 2887 - 2766. Let a(r) = 51*r**2 - 2*r + 2. Let q be a(2). Let f = q - c. What is the units digit of f?
1
Let s = -89 + 94. Let l be ((-115)/3)/((-2)/6)*s. Suppose -4*d - j = -595, -2*d - 2*d - 5*j + l = 0. What is the tens digit of d?
5
Let l(a) = -a**2 - 10*a - 15. Let g be l(-4). Let p(n) = -g - 49*n - 77*n + 7. What is the tens digit of p(-1)?
2
Let p(j) = -4 - 5 + 12 - 12 + 51*j. Suppose 5*t + 8 = 7*t. What is the tens digit of p(t)?
9
Let v be 1218/56 + 8/32. Let w be ((-1)/2)/((-2)/(-88)). What is the tens digit of 4/w + 334/v?
1
Let l = 12326 + -7340. What is the thousands digit of l?
4
Suppose 22*f - 9758099 = -70*f - 45*f. What is the units digit of f?
7
Let x = 273 - 296. Let m(y) = y**3 + 24*y**2 + 18*y + 39. What is the tens digit of m(x)?
5
Suppose -4*k - i - 16 = 4, 2*k = -4*i + 4. Let m(p) = -22*p - 9. What is the tens digit of m(k)?
2
Let i be 165*(28/(-10))/(-7). Suppose -i*k + 68*k - 964 = 0. What is the units digit of k?
2
Let c(x) = 1296*x**2 - 5*x + 5. Let j be (9/(-18))/((-4)/8). What is the hundreds digit of c(j)?
2
Suppose 5*y - 33 = -4*j - 0*j, -5*j = y - 15. What is the units digit of (127 + -11)*1/j?
8
Suppose 13*n - 3*l = 14*n + 2, -2*n - 2*l = 8. Let j(y) = 5*y + 16 + 2*y**2 + 0*y - 4*y**2 + 3*y**2. What is the tens digit of j(n)?
1
Let m be (0 + 2)*(-12)/(72/(-6)). What is the hundreds digit of 3606/m*4/12?
6
Suppose 5*t - 101 = -4*l + 3*l, 2*t + 142 = 2*l. Suppose l = -4*j - 4*o, -3*j - j - 116 = -4*o. What is the tens digit of ((-6)/j*6)/(2/24)?
1
Let o be (3 + 42/(-9))/((-19)/(-2109)). Let p = 746 + o. What is the tens digit of p?
6
Let d be 0/((-22)/12 - (-6)/(-36)). Suppose 3*l - 23 = x - d*x, 15 = -3*x. What is the tens digit of 114*(3/12)/(3/l)?
5
Let o(b) be the first derivative of -18 + 19*b + 5*b**2 + 1/3*b**3. What is the tens digit of o(-10)?
1
Let u = -1045 + 3426. What is the hundreds digit of u?
3
Suppose 2*l + 2*v = -12, 3*l + 3*v + 7 = l. Let z(x) = -48*x + 90. What is the hundreds digit of z(l)?
6
Let v(d) = -29 + 17*d**2 - 9*d + 3*d**3 + 66*d - 2*d**3 + 8. What is the units digit of v(-12)?
5
Let p be ((-3)/9)/(5/75). Let x = 37 - -84. Let r = x + p. What is the units digit of r?
6
Suppose -11 = j - 13. Suppose -j*d + 13*u + 258 = 11*u, 4*u - 352 = -3*d. What is the tens digit of d?
2
Let h(z) = 12 + 12662*z + 15 - 31. Let s be h(2). What is the tens digit of s/216 + -3*2/27?
1
Suppose -5*y + 368957 = -r, -4099*r + 28 = -4103*r. What is the units digit of y?
0
Let s = -137 + 1762. What is the tens digit of s?
2
Let h be (152/(-6))/2*(-6)/4. Suppose 3*a + 4*d + 16 = 0, a + 4*a + h = d. What is the units digit of (-16)/32 + 2*(-5)/a?
2
Let f = 35 - 33. Suppose 0*h + 745 = 5*h - 3*n, 447 = 3*h + f*n. Suppose 89 = x - 5*k, -2*x + h = k - 84